pose 2*l = 12 + d. What are the prime factors of l?
3, 7
Suppose s + 1 = -q - 2, 5*q = s - 21. Suppose l - s = 1. List the prime factors of 4 + 2 + (l - 4).
2
What are the prime factors of 6 + -4 + 9/1?
11
Suppose 4*j + 78 = r + 2*r, -2*j = r - 16. What are the prime factors of r?
2, 11
Let d be 5/(-4)*60/15. Let a(b) = b + 13. List the prime factors of a(d).
2
Suppose -1 = 4*q - 9. Suppose 3*h - 3*n + 6 = -0*n, -5*h + 4 = q*n. Suppose -y + 6*y - 55 = h. List the prime factors of y.
11
What are the prime factors of (-572)/(-18) + (-2)/(-9)?
2
Let p(d) = -d**2 + 9*d - 4. Let f be p(6). Let b = f - -10. Suppose k - b = -k. What are the prime factors of k?
2, 3
Let v(f) = f**3 - 2*f**2 + 3*f - 4. List the prime factors of v(3).
2, 7
Suppose -4*l = -0*l + t - 61, -l - 5*t = -1. Let w be (62/(-4))/(3/(-6)). Let v = w - l. What are the prime factors of v?
3, 5
Suppose 6*b - 41 = 5*b. What are the prime factors of b?
41
Let i = 29 - -17. Suppose 2*y + 4*t - i = 0, 0*y - 5*y + 87 = -4*t. What are the prime factors of y?
19
What are the prime factors of 3/15 - (-2 + 597/(-15))?
2, 3, 7
Suppose 0 = -3*m - 0*m + 15. Let j(u) = 5*u**2 - 2. Let p be j(-2). Suppose -m*s + p = 3. List the prime factors of s.
3
Let p(w) be the first derivative of 4*w**3/3 - w - 3. List the prime factors of p(1).
3
Let k be (10 - 0)*(-4)/(-10). Let h(p) = 1 - 3 + 2*p + 5. What are the prime factors of h(k)?
11
Let i = 31 - 21. What are the prime factors of i?
2, 5
Let x = 85 - 57. List the prime factors of x.
2, 7
Let p(t) = t**2 - 2. Let z be p(2). List the prime factors of (-7)/(z + 10/(-4)).
2, 7
Let l(x) = x**2 + 7*x + 5. Let s = -14 - -5. List the prime factors of l(s).
23
Suppose 15 = 4*g + g. Let m be (132/(-8))/(g/(-4)). Suppose -m = -2*d - 8. What are the prime factors of d?
7
Suppose 5*m + 7 = 2*d, 4*d - 2 = 5*m - 3. Let j(t) = -2 - t**3 - 4*t + t + 3*t**2 + 2*t**3. What are the prime factors of j(m)?
7
List the prime factors of 51*8*(-7)/((-42)/4).
2, 17
Let v be 1/(-4) - 22/8. Let l be -1*(-1 - 6/v). List the prime factors of -6*l/(-3)*-2.
2
Suppose -748 = -7*j + 477. List the prime factors of j.
5, 7
List the prime factors of ((-80)/(-6))/((-4)/(-12)).
2, 5
Suppose 8*n + 208 = 9*n. Suppose 5*h - h = n. What are the prime factors of h?
2, 13
Let m(v) = -v**2 + 12*v + 7. Let z be m(12). Let q = 16 - z. What are the prime factors of q?
3
Let o = 6 + 290. List the prime factors of o.
2, 37
Let m be 0 + 0 - (-12)/2. Let p be (m/4)/((-6)/40). List the prime factors of 36/10 + 6/p.
3
Let b be (9/(-6) - -1)*-6. Suppose 5*s + 5*c = 40, 7*s - b*c - 24 = 4*s. What are the prime factors of s?
2
Suppose 0 = -5*q - 3*t + 35, -q - 16 = -5*t + 5. Let l be -1 - 2/((-4)/(-2)). Let c = q + l. What are the prime factors of c?
2
Suppose -5*y = -6 - 4. Let l(u) = u**3 + u - 2. List the prime factors of l(y).
2
Let b be (-28)/(-126) + (-2)/9. Suppose 2*z + 4*r = 68, b*r = 3*z - 2*r - 118. List the prime factors of z.
2, 19
Let r be 2*-2 + 2/(-2). Let w(a) = -3 + 3 - 9*a**2 + 6*a**2 + 7*a - a**3. What are the prime factors of w(r)?
3, 5
Let j(w) = -30*w + 1. What are the prime factors of j(-1)?
31
Let a = 26 - 14. List the prime factors of (-30)/a*(-32)/10.
2
Suppose 2*z + x - 94 = 0, -3*x + 48 = 3*z - 90. What are the prime factors of z?
2, 3
Let s(t) = t**3 + 8*t**2 - 4*t - 2. Let o be s(-8). Suppose 0 = 2*h - 4*h - 5*q + o, -5*h + 54 = 2*q. What are the prime factors of h?
2, 5
Suppose 19*s - 633 = 16*s. List the prime factors of s.
211
Let x = 72 + -40. Let a(l) = 5*l**2 - l - 5. Let g be a(-2). Let k = x - g. What are the prime factors of k?
3, 5
Suppose -4*v + 108 = 2*r, 0 = -r - 3*v + 50 + 8. List the prime factors of r.
2, 23
Let j = 6 - 3. Suppose 13 = j*d - 4*k, d - 5*k + 0*k + 3 = 0. What are the prime factors of d?
7
Suppose -2*b - 5*a - 12 = 0, -41 = -3*b + 4*a - 13. Suppose -b*l + 8 = -32. What are the prime factors of l?
2, 5
Let c(b) = -4*b + 10. Let w(a) = a**3 + 5*a**2 + a. Let q be w(-5). What are the prime factors of c(q)?
2, 3, 5
Let h(f) = 34*f**2 + f. What are the prime factors of h(-2)?
2, 67
Let d = 1 - -1. Suppose 2*n = -d*p + 2, -p - 1 = -n + 6. List the prime factors of (-6 + -2 + n)*-4.
2
Suppose 3*m = 3 - 36. Let k(g) be the third derivative of -g**4/12 - 5*g**3/6 - g**2. What are the prime factors of k(m)?
17
Let v(z) = z**2 + z. Let d(r) = 5*r - 1. Let u be d(-1). Let c be (9/u)/(1/(-2)). What are the prime factors of v(c)?
2, 3
Suppose -3*l + 756 = 5*m - 686, -l + 4 = 0. What are the prime factors of m?
2, 11, 13
Suppose -2*a - 2*a + 3*k + 15 = 0, 0 = 4*a - 4*k - 16. List the prime factors of 14*(7/2 - a).
7
Let g be (-1 - -6) + (-1 - 1). Suppose 5*f - g*f - 14 = 0. What are the prime factors of f?
7
Suppose 0 = 3*j + 4*p - 35, 0 = 5*j + 4*p - 83 + 14. What are the prime factors of j?
17
Let h = 6 - -2. List the prime factors of 170/h - 15/(-20).
2, 11
Let c(k) = k - 1. Let a be c(1). Let y = 13 - a. What are the prime factors of y?
13
List the prime factors of (-470)/4*(-25 - -23).
5, 47
Suppose 22*s + 16 = 23*s. List the prime factors of s.
2
Suppose 41 + 17 = 2*l. What are the prime factors of l?
29
Suppose 0 = -0*x + 5*x - 50. Let t be x*(-5)/((-75)/6). Suppose u - 14 = -n - 1, 0 = -5*u + t*n + 56. List the prime factors of u.
2, 3
Let x(j) = -j**2 - 8*j - 8. Let y be x(-6). Suppose 2*t - 32 - 3 = 3*g, y*g = -3*t - 75. Let f = g + 23. What are the prime factors of f?
2
Let t = 9 + -3. Suppose 5*h - 3*a + 3 = 0, 0 = -5*h + 5*a + 1 - t. List the prime factors of (38 - h)/(1 + 1).
19
Let j be 4/12*-1*12. Let o(m) be the third derivative of m**5/60 - m**4/24 - m**3/6 + m**2. List the prime factors of o(j).
19
Suppose 84 = 4*z - 72. What are the prime factors of z?
3, 13
What are the prime factors of 2/8 + 135/20?
7
Let f = -77 - -109. Let b = f - 21. What are the prime factors of b?
11
Let h = 101 + -61. What are the prime factors of h?
2, 5
Let p(o) = 20*o - 13*o - 3 + 2 + 10*o**2 + o**3. What are the prime factors of p(-9)?
17
Let f(d) = -d**2 + 5*d + 8. Let b be f(7). What are the prime factors of -2*1*(b - -5)?
2
Suppose 2*l + 3*l = -2*c + 68, c - 27 = -2*l. List the prime factors of ((-36)/l)/((-18)/84).
2, 3
Let x(s) = 14*s**2 + 3*s + 1. Let v be x(2). Suppose 2*f - 16 - 22 = 3*w, -3*f = -3*w - v. What are the prime factors of f?
5
Suppose 5*g - 11 - 4 = 0. Suppose 0 = 7*d - 8*d + 11. Suppose 23 + d = 5*h + g*r, -2 = -h - 3*r. What are the prime factors of h?
2
Let a(z) = z**3 + 3*z**2 - 4*z + 1. Suppose -4*m + 5*o - 20 = m, -3*m - 5*o = 4. What are the prime factors of a(m)?
13
Let s(r) = -2*r**2 + 3*r + 2. Let u be s(3). Let m be u/(-28) + (-50)/8. Let t(v) = -v**2 - 9*v - 6. List the prime factors of t(m).
2, 3
Let w = 39 - -4. What are the prime factors of w?
43
Suppose 2*v - 22 = 4*v. Let m = v + 26. List the prime factors of m.
3, 5
Let c(a) = -6*a + 3*a - 3 + 15 + 4*a. Let u be c(-9). Suppose 2*n + 16 = -2*n, 0 = -3*f - u*n + 3. List the prime factors of f.
5
Let d = 17 + -7. Suppose 3*q = q + 46. Let n = q - d. What are the prime factors of n?
13
Let o = -130 + 215. List the prime factors of o.
5, 17
Suppose l + 0*l = -4*z + 7, 5*l - 2*z = -31. Let r = -2 - l. Suppose 5*a + r*i = 60, 3*a + i - 36 = 6*i. What are the prime factors of a?
2, 3
Let q be 33 + 0 - (-1 - -4). Suppose -24 = -2*a - 3*i, -2*i + 5*i = -3*a + q. What are the prime factors of a?
2, 3
Suppose 0*l + 4*l - 356 = 0. Let k = 9 + -4. Suppose k*a + 29 = l. List the prime factors of a.
2, 3
Let k = -66 - -111. What are the prime factors of k?
3, 5
Let h = 106 - 79. List the prime factors of h.
3
Let v be (-2)/4*(-52 + 2). Suppose 0 = 4*g - 9*g + v. Let f = g - 2. List the prime factors of f.
3
List the prime factors of (3 - -1)*(3 - -1).
2
Suppose -3*a = -3*r + 411, 5*a - 126 = -r + 11. List the prime factors of r.
137
Let h(m) = -4 + 1 + 0*m + 2 - 8*m. What are the prime factors of h(-1)?
7
Let d be 597/9 + 2/(-6). Suppose 0 = -5*n + c + d, 93 = 5*n - 3*c + 25. List the prime factors of n.
13
Let x = -31 + 265. What are the prime factors of x?
2, 3, 13
Let g be (-3)/(-3) + 3/(-1). List the prime factors of g/12*-2*57.
19
Let j(v) = v. Let p be j(4). Suppose p*m - s + 28 = -6*s, 0 = 2*m + s + 8. What are the prime factors of 2*m/4 - -10?
3
Let o = 20 + -26. Suppose -540 = 4